te the remainder when f is divided by 4.
3
Suppose 6 = 2*l - 20. Let o(p) = 6*p**2 - 5*p + 9. Calculate the remainder when o(3) is divided by l.
9
Let h be (-2)/6 + 52/(-6). Suppose -2*v + 0*v = -38. Let y = v + h. What is the remainder when 29 is divided by y?
9
Let h(z) = 7*z**2 + 5*z**3 + 2*z - z + 0 - 4*z**3 + 1. Calculate the remainder when h(-6) is divided by (-2)/8 - (-260)/16.
15
What is the remainder when (0 + 14/21)*(-39)/(-1) is divided by 8?
2
Let b = 4 + -1. Suppose b*y + f = -4*f + 18, y - 23 = 4*f. Calculate the remainder when 21 is divided by y.
10
Suppose -l = -0*l + 2*o + 9, 5*o = -4*l - 21. Suppose 1 = n - l. What is the remainder when 5 is divided by n?
1
Let d = -21 - -25. Suppose d = -f - 2*q + 13, -5*f = 4*q - 57. What is the remainder when 38 is divided by f?
12
Suppose -5*u + 195 = a, 2*u + 0*u - 78 = 4*a. What is the remainder when u - (0 - -1)/(-1) is divided by (98/(-28))/(2/(-12))?
19
Let j(l) = l**2 - 3*l - 28. Calculate the remainder when 35 is divided by j(-5).
11
Let m(c) = c. Let o be m(5). Suppose -4 = -o*v + 46. Suppose -2*z = -7*z + v. Calculate the remainder when z is divided by 1.
0
What is the remainder when -2 - -1 - 1 - -4 is divided by 1?
0
Let m(u) = u**3 - 3*u**2 - 3*u + 2. Calculate the remainder when 21 is divided by m(4).
3
Let q(l) = -l**3 + 4*l**2 + 4*l - 2. What is the remainder when q(-3) is divided by 17?
15
Suppose 3*y = 3*w - 45, -3*y - 101 + 20 = -5*w. Let k = 11 + -8. Let b(n) = 2*n + 4. What is the remainder when w is divided by b(k)?
8
Suppose i - 2*t = 13, t + 44 = 5*i - 2*t. Calculate the remainder when 74 is divided by i.
4
Suppose 7*n - 5 = 2*n. Suppose -3*p = -j - 3, -3*j - 2*p + n = -p. Suppose 5*a + 0*a - 135 = j. Calculate the remainder when 80 is divided by a.
26
Suppose 4*y - 20 = 64. Calculate the remainder when y is divided by 12.
9
Let d(p) = 43*p. What is the remainder when d(1) is divided by 11?
10
Let p = -32 - -66. Suppose -m + p = m. Calculate the remainder when m is divided by 5.
2
Let a = -4 - -6. What is the remainder when (-6)/8 - (-57)/12 is divided by a?
0
Suppose 3*n + 4*r + 32 = 2*n, -2*n = 2*r + 70. Let j = n - -26. Let s = j + 20. Calculate the remainder when 29 is divided by s.
9
Suppose -p + 5 = 1. Suppose -p*x = 2*l - 5*l - 187, -3*x + 3*l + 141 = 0. Suppose -x = -q - q. What is the remainder when q is divided by 8?
7
Let y = -25 + 37. Let g = -15 + 23. Let h = 37 + g. Calculate the remainder when h is divided by y.
9
Suppose -4*r + 40 + 8 = 0. What is the remainder when 20 is divided by r?
8
Let r be 2/(3/3)*1. Suppose -5*z + p = -236, -91 = -0*z - r*z - 3*p. What is the remainder when z is divided by (-2)/(-3) - 30/18*-14?
23
Let l = 13 - 10. Let o(u) = 2*u**2 - 2*u - 1. Let v be o(-1). Suppose -4*s = -l*s + 4*b - 25, s - 3*b = -v. Calculate the remainder when 26 is divided by s.
8
Let k = 35 - 21. What is the remainder when k is divided by 4?
2
Let g(w) = 2*w - 4. Let x be g(4). Suppose 3*h + 14 = x*o - 2*o, -2*h + 8 = 3*o. What is the remainder when 10 is divided by o?
2
Suppose -175 = -f - 6*f. What is the remainder when 99 is divided by f?
24
Let o = -4 - -7. Let a(u) = -2*u + 2 + o + 0*u + u. What is the remainder when 5 is divided by a(3)?
1
Let s = -18 + 118. What is the remainder when s/2*(-1)/(-2) is divided by 13?
12
Let x(q) = q**2 - 5*q + 2. Let p be x(5). Let n be (-76)/(-12) + p/3. Suppose -n = -4*m + 3*m. Calculate the remainder when 12 is divided by m.
5
Let p = -65 - -76. What is the remainder when 28 is divided by p?
6
Let o be (-37)/(-7) + (-2)/7. Suppose -12 = -4*z + 2*t, 0 = o*z - 3*t - 6 - 7. What is the remainder when 14 is divided by z?
4
Let a = -28 - -59. What is the remainder when a is divided by 2*2*(-8 + 10)?
7
Suppose -4*u - f = f - 18, 2*f - 8 = -2*u. Calculate the remainder when 8 is divided by u.
3
Suppose -3*q + 428 = 4*x, -4*x - 141 + 537 = -5*q. Let j = x - 74. Calculate the remainder when j is divided by 8.
6
Suppose 8 + 6 = 2*w. What is the remainder when 10 is divided by w?
3
Let p = 16 + -9. What is the remainder when 51/p + 12/(-42) is divided by 3?
1
Suppose l - 5*j - 33 = 0, 10 = -0*j - 2*j. Calculate the remainder when l is divided by 6.
2
Suppose 0 = 4*j + 45 + 27. Let r be ((-29)/(-4))/(13/52). Let u = r + j. Calculate the remainder when 43 is divided by u.
10
Suppose 25*f - 24*f = 26. What is the remainder when f is divided by 7?
5
Suppose 4*d = 2*u + 20, 0 = -5*u + 7*d - 3*d - 32. Let i = -11 + 29. What is the remainder when i is divided by -6 - u - (-18)/2?
4
Suppose 2*r - 41 = 11. Calculate the remainder when r is divided by 10.
6
Suppose 0 = -6*n + 208 + 200. Calculate the remainder when n is divided by 23.
22
Let d(f) = -f**3 + 7*f**2 + 7*f + 8. Let v be d(8). Calculate the remainder when 31 is divided by 10 + 1 + (v - 0).
9
Let s(c) = -c**3 + 8*c**2 + c - 7. Let t = 13 - -5. What is the remainder when s(6) is divided by t?
17
Suppose -q = -4*q + 24. Let b be (-4)/18 - 4/(-18). Calculate the remainder when (21 - b)/(3/2) is divided by q.
6
Suppose -3*v - 2*c + 180 = -47, 3*v + 4*c - 217 = 0. Suppose -2*x = -2*p + 116, 5*x + 87 + v = 3*p. Calculate the remainder when p is divided by 13.
10
Suppose 0 = 5*i - 2*i - 9. Calculate the remainder when 1/i + 1880/30 is divided by 33.
30
Suppose 29 = 5*g - 16. Calculate the remainder when 34 is divided by g.
7
Let l = -11 + 19. Let s = l - 6. Calculate the remainder when 19 is divided by (s/(-2) - 1) + 9.
5
Suppose -38 = -l + 8. Let o = 34 - 18. Calculate the remainder when l is divided by o.
14
Suppose 0 = 6*b - 11*b + 20. Let c(v) = -2*v - 1. Let i be c(-2). Suppose 3*u = 0, 3 = b*m - m + i*u. What is the remainder when 2 is divided by m?
0
Let y = 51 + -43. What is the remainder when y is divided by 2?
0
Suppose -l = 0, -2*l - 468 = -2*z - 2*z. Calculate the remainder when z is divided by 20.
17
Let m(x) = -14*x - 11. Calculate the remainder when m(-5) is divided by 15.
14
Let l(j) = j**3 + j + 19. Let u(x) = x - 1. Let f be u(2). Calculate the remainder when 0 - f - 56/(-1) is divided by l(0).
17
Let t(w) = -2*w. Let f be t(-5). Let n be (0 + f)*(1 + 1). Suppose -2*x = -0*x - n. What is the remainder when 28 is divided by x?
8
Let h be (1 - -8)*(-2)/(-6). Suppose h*j = 13 + 2. Suppose j*q - 16 - 24 = 0. What is the remainder when 15 is divided by q?
7
Let u(y) = y**2 + 2*y + 1. Suppose -5*i = 3 - 128. What is the remainder when i is divided by u(2)?
7
Let f(x) = x**2 + x - 89. Let z be f(0). Suppose 4*g - 134 = 5*y, y + 4*y + 130 = 5*g. Let j = y - z. What is the remainder when j is divided by 20?
19
Suppose -3*q = 2*o + 17, 3*o - q = -0*o - 42. Let s(u) = u**3 + 12*u**2 - 14*u + 3. Calculate the remainder when 61 is divided by s(o).
13
Let y be -1 + (0/4 - 2). Calculate the remainder when 102 is divided by (87/(-9) - -1)*y.
24
Suppose 0 = 2*f - 0*f - 3*v - 93, 4*f - 201 = v. Suppose 4*z - z = f. Calculate the remainder when 32 is divided by z.
15
What is the remainder when 38 is divided by ((-176)/40)/(2/(-5))?
5
Let q(a) = -a**3 - 6*a**2 + 7*a + 7. What is the remainder when -4 - -5 - -17 - -2 is divided by q(-7)?
6
Let b = 10 - -4. What is the remainder when 27 is divided by b?
13
Suppose 0 = -5*x - 0*x + 15. Let i be 1 + -1 + (x - 1). Suppose 0 = d + 3*t - 34, -d + i*t - 6*t = -37. Calculate the remainder when d is divided by 9.
7
Suppose -4*u + u + 45 = 0. What is the remainder when 29 is divided by u?
14
Suppose 165 = 3*d + 2*p - 69, 391 = 5*d + 3*p. Calculate the remainder when d is divided by 41.
39
Let p(l) = -42*l + 2. Let s be p(-3). Suppose 0*a + 3*a = -4*q + 65, -s = -4*a + 5*q. Calculate the remainder when a is divided by 10.
7
Suppose 0 = -5*q + 5*l + 55, -l - 14 = -q + l. What is the remainder when q is divided by 5?
3
Calculate the remainder when -1 + 15/9 - 223/(-3) is divided by 13.
10
Calculate the remainder when 5/((-10)/(-224))*3 is divided by 26.
24
Suppose 4*s = -i + 25, 5*i + 14 = 3*s + i. Suppose 0 = -4*p + p + s. Suppose p*w = -3*w + 60. Calculate the remainder when 23 is divided by w.
11
Suppose 0 = -v + 4 - 1. What is the remainder when 12 is divided by v?
0
Suppose i - 3*q + 8 = 0, 0 = -i + 2*q - 4*q + 2. Let y be (0 - -1)*i + -46. What is the remainder when 29 is divided by ((-10)/(-8))/((-6)/y)?
9
Let b(o) = 29*o**2 + 2*o